s digit of i?
1
Suppose -5*g + 107 = 122, 0 = 5*k + g - 15932. What is the thousands digit of k?
3
Suppose 0 = 2*o - x, -5*o - 5*x + 4 = -26. Let h be (-3)/6*(-76 + o). Suppose -3*a + 3*d = -44 - h, 119 = 5*a + 3*d. What is the units digit of a?
5
Let p = -4402 - -6383. What is the hundreds digit of p?
9
Let z(c) = -16 + 7 + 16*c - 9 - c**2 - 5. What is the tens digit of z(9)?
4
Suppose 681 = 5*g + 4*w - 0*w, -5*g + 649 = -4*w. Suppose -4*h + 4*j - 5*j = -g, 0 = 4*h - 2*j - 142. What is the tens digit of h?
3
Let w(m) = -m - 8. Let o be w(-4). Let k be o/(-16) - (-321)/12. Suppose k = g - 5. What is the tens digit of g?
3
Let a(v) = -2*v - 7. Let x(m) = 3*m - 7. Let c(q) = 7*q - 14. Let d(z) = -4*c(z) + 9*x(z). Let r(y) = 5*a(y) - 4*d(y). What is the tens digit of r(-8)?
4
Suppose 4*d - 2076 = -6*j + 2*j, 5*j = 4*d - 2085. What is the units digit of d?
0
Let n be (-29)/(-4 + 12/4). Let h = 31 - n. Suppose -x - 5*i + 19 = -0*x, -4*i = h*x - 50. What is the units digit of x?
9
Let l be (-3 - -6) + 0 + 1. Suppose 0 = l*n + 2*v - 34, -3*n + 23 = -3*v + 2*v. Suppose -80 = 3*t - n*t. What is the tens digit of t?
1
Let w be 30/25*(-5)/(-2). What is the units digit of w/(9/12*4)?
1
Let c = 43 - 34. Let z(f) = f**2 - 3*f - 6. What is the tens digit of z(c)?
4
Let c = -2828 - -5644. What is the thousands digit of c?
2
Let d(y) = 3*y**2 + 12*y - 6. Let o be d(-4). What is the hundreds digit of (1 + 0)/(9870/1644 + o)?
2
Suppose 3*h + 0*h = -309. Let x = -61 - h. Let p = x + 21. What is the tens digit of p?
6
Let i(l) = 3*l - 14. Let o be i(6). Suppose 2*t - 2 = o. Suppose 5*y + 13 = -0*m + m, 2*y + 91 = t*m. What is the units digit of m?
3
Let t = 8 - 31. Let v = 89 + t. What is the tens digit of v?
6
Suppose -6*s = 3*o - 4*s - 1255, 2*o + 5*s = 822. What is the tens digit of o?
2
Suppose 2*r = 2*b + 4314, 17*r - 2*b = 18*r - 2157. What is the units digit of r?
7
Suppose 19*m = -44*m + 41328. What is the hundreds digit of m?
6
Suppose 3*m - 4*f = -2*m - 22, -m + 4*f = 14. Let u be m/4*(-65 - 5). What is the tens digit of 935/u - 4/(-14)?
2
Suppose 0 = -2*y + 2, a + 2*y + 18 + 51 = 0. Let g = a - -146. What is the tens digit of g?
7
Let z(y) = 57*y + 413. Let d be z(-8). Suppose 3 = -j + 7. Let k = j - d. What is the units digit of k?
7
Let y(f) = -2*f + 2. Let j be y(-2). Suppose -5*c + 16 = j. Suppose 4*v - c*m + m - 141 = 0, 0 = v - 4*m - 24. What is the tens digit of v?
3
Let v = -61 - -56. Let w(o) = -14*o + 20. What is the units digit of w(v)?
0
Suppose 5*v = 5*n + 60, -2*v = n - 52 + 16. What is the units digit of (v/20 + -2)*5*-10?
0
Suppose -g + 672 = 2*c, 2*g - c = -4*c + 1343. Suppose g + 194 = 6*f. What is the units digit of (f/60)/((-3)/(-10))?
8
Let l(s) = -s**3 + 14*s**2 + 18*s - 21. Let h be l(15). What is the units digit of (52/h)/(2/(-6))*-6?
9
Let m = -101 - -104. Let p(x) = 4*x + 2. Let l be p(-2). What is the tens digit of m/l*(-472)/4?
5
Suppose -o - 1 = -0*o. What is the units digit of (2 + -39 + 2)/o?
5
What is the tens digit of (139 - -40)*(5 + -1)?
1
Suppose l + 2307 = 3*l - 3*j, 3*l - 3443 = j. What is the thousands digit of l?
1
Let t(h) = h**2 + 4*h + 12. Let f be t(-5). Let i = 13 - f. What is the units digit of 20 + i/1 + 5?
1
Let v = 179 - 85. What is the tens digit of v?
9
Suppose 45*o = 42*o + 1476. What is the hundreds digit of o?
4
Let s(m) = m**2 + 1. Let n(l) = -140*l**2 - 120. Let o(x) = -n(x) - 120*s(x). What is the units digit of o(-2)?
0
Let r = -1755 + 6611. What is the tens digit of r?
5
Let z be 1/(44/(-12) + 4). Let s be 8/(4 - z/1). Let d(c) = 4*c + 2. What is the tens digit of d(s)?
3
Suppose -5*a - 2*x = -19, a + 5*x - 2*x - 9 = 0. Let i(n) be the first derivative of n**3/3 + n**2 + 3*n - 4. What is the units digit of i(a)?
8
Suppose -4 = -s - 1. Suppose s*c - 67 + 28 = 0. What is the tens digit of c?
1
Let t(v) be the first derivative of -11*v**4/4 + 2*v**3/3 + 2*v**2 - 2*v + 5. What is the units digit of t(-2)?
6
Let j(c) = c - 19. Let b be j(9). Let u = b + -6. Let d = u - -46. What is the units digit of d?
0
Suppose 9 = 4*p + 1. Suppose -5*b = -4*w + p*w + 1, -3*w - 11 = 5*b. What is the units digit of (-8 - w)/((-12)/18)?
9
Let s be ((-16)/(-2 + -2))/((-4)/(-96)). Suppose s = -29*f + 30*f. What is the units digit of f?
6
Let v = -553 - -1151. What is the units digit of v?
8
Let l be (-3 - -1)/((-20)/(-30)). What is the units digit of (1 + l)/(-2) + 30?
1
Let f(d) = -3*d**2 + 4*d**2 - 4 - 2*d + 0*d - d**3 - 3*d**3. What is the tens digit of f(-2)?
3
Suppose -226 - 204 = -a + 5*s, 0 = 4*s + 20. What is the units digit of a?
5
Let d be -4 + (0 - -2) + -11. Let y = d - -6. Let i = 11 + y. What is the units digit of i?
4
Let w(q) = 14*q**2 + 2*q - 2. Let h be 1*(-5)/10*-4. What is the units digit of w(h)?
8
Let q(r) = r**3 + 16*r**2 + 22*r + 26. Let m be q(-14). Suppose -m = 8*v - 10*v. What is the tens digit of v?
5
Let l(k) = -46*k + 8. What is the hundreds digit of l(-2)?
1
Let o = 8 + -6. Suppose -o*j + 120 = 2. Suppose 7*x = 2*x - 4*q + j, 8 = -2*q. What is the tens digit of x?
1
What is the tens digit of 1660 + (-6 - -3) - -5?
6
Suppose -16*y - 9*y + 30725 = 0. What is the thousands digit of y?
1
Suppose 72 = 8*t - 2*t. Suppose -2*g = -t*g + 580. What is the units digit of g?
8
Suppose -3*o + 16 = -2*k, 5*o - 3*k - 15 = -2*k. Suppose 0 = o*u - 61 - 113. What is the tens digit of u?
8
Let j = -127 - -59. Let f = j + 127. What is the units digit of f?
9
Suppose -2*t + 2*t = 6*t. Suppose t = -13*u + 18*u - 460. What is the units digit of u?
2
Let k(u) be the third derivative of -u**6/120 + 3*u**5/20 + u**4/4 + 2*u**3/3 - 20*u**2. What is the hundreds digit of k(5)?
1
Let b = 1972 - 457. What is the units digit of b?
5
Suppose -1709 = -3*h + 4*p, 6*h - 1101 = 4*h - 5*p. What is the hundreds digit of h?
5
What is the thousands digit of -7960*(36/(-45))/2?
3
Let s = 4 + -2. Let a = 30 - 28. Suppose 4*i - a = 5*i, -s*i = 4*c - 12. What is the units digit of c?
4
Let d(s) = -s - 5. Let p be d(14). Let r = 20 + p. What is the units digit of r?
1
Let g(s) = 11*s**2 + 356*s - 6. What is the thousands digit of g(-35)?
1
Let b = 14886 - 10181. What is the units digit of b?
5
What is the units digit of (-32520)/(-200)*80/3?
6
Suppose -c = -458 - 1108. What is the tens digit of c?
6
Suppose -9*a + 7*a = -1618. What is the units digit of a?
9
Suppose -5*r = -o + 284 + 86, -3*r = -o + 220. Let w = r - -94. What is the tens digit of w?
1
Let t be (5/(-1) + 0)*(-472)/40. Suppose t = 3*w + 8. What is the units digit of w?
7
Let i(o) = -o**2 - 5*o + 7. Let a be i(-4). Suppose 3*x + 3*t = -15, -2*t + 7*t - a = -x. Let y(p) = -p**2 - 12*p - 11. What is the units digit of y(x)?
6
Suppose 5*u + 308 = -4*x + 1256, -2*x = -5*u + 966. Suppose 0*a + 4*a = -5*v + 195, -4*v + u = 4*a. What is the units digit of a?
5
Suppose 0 = -2*v + n, 2*v = 5*v - 2*n. Suppose -5*r + o = -v*o - 27, o = -2. What is the units digit of r?
5
What is the hundreds digit of 32/56 + (-110173)/(-196)*4?
2
Let b(r) = 91*r + 3. Let y = 61 + -59. What is the tens digit of b(y)?
8
Let c(m) = 5*m**2 + 12*m + 10. Let n be c(-12). Suppose n = 5*l + 171. What is the tens digit of l?
8
Suppose 3 = -11*a + 12*a. What is the tens digit of (-783)/(-18) - a/2?
4
Let f = -407 - -2636. What is the thousands digit of f?
2
Suppose 3*l + u - 1697 = 0, -3*u + 54 = 39. What is the units digit of l?
4
Suppose 0*n + 5*n = 10. Let j(i) = -2*i + 3*i - 3 + 23*i**n + 2 + i**2. What is the tens digit of j(1)?
2
Let l(a) = -a**2 - 3*a - 4. Let j be l(8). Let o = j - -128. What is the units digit of o?
6
Let v be (-1 - 0)*(5 + -6). Let t = v - -4. Suppose -z + 16 = -t*z, 4*h = 4*z + 60. What is the units digit of h?
1
Let g(w) = 4*w**2 - 8*w + 59. What is the hundreds digit of g(10)?
3
Let v be (411/3 - 1) + 2. Suppose 4*y = 7*y - v. Suppose -y = -2*i - 10. What is the tens digit of i?
1
Suppose 3*d = -3*a + 51, -6*d + a = -d - 115. Let z = d - 8. Let n = z - -22. What is the tens digit of n?
3
Suppose 0 = 3*c - 1 - 11, 0 = 2*k - 3*c + 44. What is the units digit of (-19 - -1)*k/32?
9
Let s(n) = 5*n**3 + 5*n**2 + 6*n + 2. Let w(u) = u**3 + u**2 + u. Let f(l) = s(l) - 6*w(l). Let x be f(-2). Suppose 0*q - q = -x. What is the units digit of q?
6
Let z be 2/(-13) + 105892/299. Supp